{"id":28752,"date":"2022-09-12T15:37:05","date_gmt":"2022-09-12T13:37:05","guid":{"rendered":"https:\/\/kulturamoldava.sk\/vystava-moldavskych-amaterskych-fotografov-projekt-kosickeho-samospravneho-kraja\/"},"modified":"2022-09-12T15:37:05","modified_gmt":"2022-09-12T13:37:05","slug":"vystava-moldavskych-amaterskych-fotografov-projekt-kosickeho-samospravneho-kraja","status":"publish","type":"page","link":"https:\/\/kulturamoldava.sk\/hu\/vystava-moldavskych-amaterskych-fotografov-projekt-kosickeho-samospravneho-kraja\/","title":{"rendered":"V\u00fdstava moldavsk\u00fdch amat\u00e9rskych fotografov &#8211; Projekt Ko\u0161ick\u00e9ho samospr\u00e1vneho kraja"},"content":{"rendered":"ngg_shortcode_0_placeholder","protected":false},"excerpt":{"rendered":"","protected":false},"author":1,"featured_media":0,"parent":0,"menu_order":0,"comment_status":"closed","ping_status":"closed","template":"","meta":{"ngg_post_thumbnail":0,"footnotes":""},"class_list":["post-28752","page","type-page","status-publish","hentry"],"yoast_head":"<!-- This site is optimized with the Yoast SEO plugin v27.5 - https:\/\/yoast.com\/product\/yoast-seo-wordpress\/ -->\n<title>V\u00fdstava moldavsk\u00fdch amat\u00e9rskych fotografov - Projekt Ko\u0161ick\u00e9ho samospr\u00e1vneho kraja - Mestsk\u00e9 kult\u00farne stredisko Moldava nad Bodvou<\/title>\n<meta name=\"robots\" content=\"index, follow, max-snippet:-1, max-image-preview:large, max-video-preview:-1\" \/>\n<link rel=\"canonical\" href=\"https:\/\/kulturamoldava.sk\/hu\/vystava-moldavskych-amaterskych-fotografov-projekt-kosickeho-samospravneho-kraja\/\" \/>\n<meta property=\"og:locale\" content=\"hu_HU\" \/>\n<meta property=\"og:type\" content=\"article\" \/>\n<meta property=\"og:title\" content=\"V\u00fdstava moldavsk\u00fdch amat\u00e9rskych fotografov - Projekt Ko\u0161ick\u00e9ho samospr\u00e1vneho kraja - Mestsk\u00e9 kult\u00farne stredisko Moldava nad Bodvou\" \/>\n<meta property=\"og:url\" content=\"https:\/\/kulturamoldava.sk\/hu\/vystava-moldavskych-amaterskych-fotografov-projekt-kosickeho-samospravneho-kraja\/\" \/>\n<meta property=\"og:site_name\" content=\"Mestsk\u00e9 kult\u00farne stredisko Moldava nad Bodvou\" \/>\n<meta name=\"twitter:card\" content=\"summary_large_image\" \/>\n<script type=\"application\/ld+json\" class=\"yoast-schema-graph\">{\"@context\":\"https:\\\/\\\/schema.org\",\"@graph\":[{\"@type\":\"WebPage\",\"@id\":\"https:\\\/\\\/kulturamoldava.sk\\\/vystava-moldavskych-amaterskych-fotografov-projekt-kosickeho-samospravneho-kraja\\\/\",\"url\":\"https:\\\/\\\/kulturamoldava.sk\\\/vystava-moldavskych-amaterskych-fotografov-projekt-kosickeho-samospravneho-kraja\\\/\",\"name\":\"V\u00fdstava moldavsk\u00fdch amat\u00e9rskych fotografov - Projekt Ko\u0161ick\u00e9ho samospr\u00e1vneho kraja - Mestsk\u00e9 kult\u00farne stredisko Moldava nad Bodvou\",\"isPartOf\":{\"@id\":\"https:\\\/\\\/kulturamoldava.sk\\\/#website\"},\"datePublished\":\"2022-09-12T13:37:05+00:00\",\"breadcrumb\":{\"@id\":\"https:\\\/\\\/kulturamoldava.sk\\\/vystava-moldavskych-amaterskych-fotografov-projekt-kosickeho-samospravneho-kraja\\\/#breadcrumb\"},\"inLanguage\":\"hu\",\"potentialAction\":[{\"@type\":\"ReadAction\",\"target\":[\"https:\\\/\\\/kulturamoldava.sk\\\/vystava-moldavskych-amaterskych-fotografov-projekt-kosickeho-samospravneho-kraja\\\/\"]}]},{\"@type\":\"BreadcrumbList\",\"@id\":\"https:\\\/\\\/kulturamoldava.sk\\\/vystava-moldavskych-amaterskych-fotografov-projekt-kosickeho-samospravneho-kraja\\\/#breadcrumb\",\"itemListElement\":[{\"@type\":\"ListItem\",\"position\":1,\"name\":\"Home\",\"item\":\"https:\\\/\\\/kulturamoldava.sk\\\/\"},{\"@type\":\"ListItem\",\"position\":2,\"name\":\"V\u00fdstava moldavsk\u00fdch amat\u00e9rskych fotografov &#8211; Projekt Ko\u0161ick\u00e9ho samospr\u00e1vneho kraja\"}]},{\"@type\":\"WebSite\",\"@id\":\"https:\\\/\\\/kulturamoldava.sk\\\/#website\",\"url\":\"https:\\\/\\\/kulturamoldava.sk\\\/\",\"name\":\"Mestsk\u00e9 kult\u00farne stredisko Moldava nad Bodvou\",\"description\":\"\",\"potentialAction\":[{\"@type\":\"SearchAction\",\"target\":{\"@type\":\"EntryPoint\",\"urlTemplate\":\"https:\\\/\\\/kulturamoldava.sk\\\/?s={search_term_string}\"},\"query-input\":{\"@type\":\"PropertyValueSpecification\",\"valueRequired\":true,\"valueName\":\"search_term_string\"}}],\"inLanguage\":\"hu\"}]}<\/script>\n<!-- \/ Yoast SEO plugin. -->","yoast_head_json":{"title":"V\u00fdstava moldavsk\u00fdch amat\u00e9rskych fotografov - Projekt Ko\u0161ick\u00e9ho samospr\u00e1vneho kraja - Mestsk\u00e9 kult\u00farne stredisko Moldava nad Bodvou","robots":{"index":"index","follow":"follow","max-snippet":"max-snippet:-1","max-image-preview":"max-image-preview:large","max-video-preview":"max-video-preview:-1"},"canonical":"https:\/\/kulturamoldava.sk\/hu\/vystava-moldavskych-amaterskych-fotografov-projekt-kosickeho-samospravneho-kraja\/","og_locale":"hu_HU","og_type":"article","og_title":"V\u00fdstava moldavsk\u00fdch amat\u00e9rskych fotografov - Projekt Ko\u0161ick\u00e9ho samospr\u00e1vneho kraja - Mestsk\u00e9 kult\u00farne stredisko Moldava nad Bodvou","og_url":"https:\/\/kulturamoldava.sk\/hu\/vystava-moldavskych-amaterskych-fotografov-projekt-kosickeho-samospravneho-kraja\/","og_site_name":"Mestsk\u00e9 kult\u00farne stredisko Moldava nad Bodvou","twitter_card":"summary_large_image","schema":{"@context":"https:\/\/schema.org","@graph":[{"@type":"WebPage","@id":"https:\/\/kulturamoldava.sk\/vystava-moldavskych-amaterskych-fotografov-projekt-kosickeho-samospravneho-kraja\/","url":"https:\/\/kulturamoldava.sk\/vystava-moldavskych-amaterskych-fotografov-projekt-kosickeho-samospravneho-kraja\/","name":"V\u00fdstava moldavsk\u00fdch amat\u00e9rskych fotografov - Projekt Ko\u0161ick\u00e9ho samospr\u00e1vneho kraja - Mestsk\u00e9 kult\u00farne stredisko Moldava nad Bodvou","isPartOf":{"@id":"https:\/\/kulturamoldava.sk\/#website"},"datePublished":"2022-09-12T13:37:05+00:00","breadcrumb":{"@id":"https:\/\/kulturamoldava.sk\/vystava-moldavskych-amaterskych-fotografov-projekt-kosickeho-samospravneho-kraja\/#breadcrumb"},"inLanguage":"hu","potentialAction":[{"@type":"ReadAction","target":["https:\/\/kulturamoldava.sk\/vystava-moldavskych-amaterskych-fotografov-projekt-kosickeho-samospravneho-kraja\/"]}]},{"@type":"BreadcrumbList","@id":"https:\/\/kulturamoldava.sk\/vystava-moldavskych-amaterskych-fotografov-projekt-kosickeho-samospravneho-kraja\/#breadcrumb","itemListElement":[{"@type":"ListItem","position":1,"name":"Home","item":"https:\/\/kulturamoldava.sk\/"},{"@type":"ListItem","position":2,"name":"V\u00fdstava moldavsk\u00fdch amat\u00e9rskych fotografov &#8211; Projekt Ko\u0161ick\u00e9ho samospr\u00e1vneho kraja"}]},{"@type":"WebSite","@id":"https:\/\/kulturamoldava.sk\/#website","url":"https:\/\/kulturamoldava.sk\/","name":"Szepsi V\u00e1rosi M\u0171vel\u0151d\u00e9si K\u00f6zpont","description":"","potentialAction":[{"@type":"SearchAction","target":{"@type":"EntryPoint","urlTemplate":"https:\/\/kulturamoldava.sk\/?s={search_term_string}"},"query-input":{"@type":"PropertyValueSpecification","valueRequired":true,"valueName":"search_term_string"}}],"inLanguage":"hu"}]}},"_links":{"self":[{"href":"https:\/\/kulturamoldava.sk\/hu\/wp-json\/wp\/v2\/pages\/28752","targetHints":{"allow":["GET"]}}],"collection":[{"href":"https:\/\/kulturamoldava.sk\/hu\/wp-json\/wp\/v2\/pages"}],"about":[{"href":"https:\/\/kulturamoldava.sk\/hu\/wp-json\/wp\/v2\/types\/page"}],"author":[{"embeddable":true,"href":"https:\/\/kulturamoldava.sk\/hu\/wp-json\/wp\/v2\/users\/1"}],"replies":[{"embeddable":true,"href":"https:\/\/kulturamoldava.sk\/hu\/wp-json\/wp\/v2\/comments?post=28752"}],"version-history":[{"count":0,"href":"https:\/\/kulturamoldava.sk\/hu\/wp-json\/wp\/v2\/pages\/28752\/revisions"}],"wp:attachment":[{"href":"https:\/\/kulturamoldava.sk\/hu\/wp-json\/wp\/v2\/media?parent=28752"}],"curies":[{"name":"wp","href":"https:\/\/api.w.org\/{rel}","templated":true}]}}

Výstava moldavských amatérskych fotografov &#8211; Projekt Košického samosprávneho kraja

<!-- This site is optimized with the Yoast SEO plugin v27.5 - https://yoast.com/product/yoast-seo-wordpress/ -->
<title>Výstava moldavských amatérskych fotografov - Projekt Košického samosprávneho kraja - Mestské kultúrne stredisko Moldava nad Bodvou</title>
<meta name="robots" content="index, follow, max-snippet:-1, max-image-preview:large, max-video-preview:-1" />
<link rel="canonical" href="https://kulturamoldava.sk/hu/vystava-moldavskych-amaterskych-fotografov-projekt-kosickeho-samospravneho-kraja/" />
<meta property="og:locale" content="hu_HU" />
<meta property="og:type" content="article" />
<meta property="og:title" content="Výstava moldavských amatérskych fotografov - Projekt Košického samosprávneho kraja - Mestské kultúrne stredisko Moldava nad Bodvou" />
<meta property="og:url" content="https://kulturamoldava.sk/hu/vystava-moldavskych-amaterskych-fotografov-projekt-kosickeho-samospravneho-kraja/" />
<meta property="og:site_name" content="Mestské kultúrne stredisko Moldava nad Bodvou" />
<meta name="twitter:card" content="summary_large_image" />
<script type="application/ld+json" class="yoast-schema-graph">{"@context":"https:\/\/schema.org","@graph":[{"@type":"WebPage","@id":"https:\/\/kulturamoldava.sk\/vystava-moldavskych-amaterskych-fotografov-projekt-kosickeho-samospravneho-kraja\/","url":"https:\/\/kulturamoldava.sk\/vystava-moldavskych-amaterskych-fotografov-projekt-kosickeho-samospravneho-kraja\/","name":"Výstava moldavských amatérskych fotografov - Projekt Košického samosprávneho kraja - Mestské kultúrne stredisko Moldava nad Bodvou","isPartOf":{"@id":"https:\/\/kulturamoldava.sk\/#website"},"datePublished":"2022-09-12T13:37:05+00:00","breadcrumb":{"@id":"https:\/\/kulturamoldava.sk\/vystava-moldavskych-amaterskych-fotografov-projekt-kosickeho-samospravneho-kraja\/#breadcrumb"},"inLanguage":"hu","potentialAction":[{"@type":"ReadAction","target":["https:\/\/kulturamoldava.sk\/vystava-moldavskych-amaterskych-fotografov-projekt-kosickeho-samospravneho-kraja\/"]}]},{"@type":"BreadcrumbList","@id":"https:\/\/kulturamoldava.sk\/vystava-moldavskych-amaterskych-fotografov-projekt-kosickeho-samospravneho-kraja\/#breadcrumb","itemListElement":[{"@type":"ListItem","position":1,"name":"Home","item":"https:\/\/kulturamoldava.sk\/"},{"@type":"ListItem","position":2,"name":"Výstava moldavských amatérskych fotografov &#8211; Projekt Košického samosprávneho kraja"}]},{"@type":"WebSite","@id":"https:\/\/kulturamoldava.sk\/#website","url":"https:\/\/kulturamoldava.sk\/","name":"Mestské kultúrne stredisko Moldava nad Bodvou","description":"","potentialAction":[{"@type":"SearchAction","target":{"@type":"EntryPoint","urlTemplate":"https:\/\/kulturamoldava.sk\/?s={search_term_string}"},"query-input":{"@type":"PropertyValueSpecification","valueRequired":true,"valueName":"search_term_string"}}],"inLanguage":"hu"}]}</script>
<!-- / Yoast SEO plugin. -->

Výstava moldavských amatérskych fotografov - Projekt Košického samosprávneho kraja - Mestské kultúrne stredisko Moldava nad Bodvou

Mestské kultúrne stredisko Moldava nad Bodvou

Szepsi Városi Művelődési Központ
