{"id":35325,"date":"2026-03-16T10:21:20","date_gmt":"2026-03-16T09:21:20","guid":{"rendered":"https:\/\/kulturamoldava.sk\/etn\/jarny-farmarsky-a-remeselny-trh-21-3-2026\/"},"modified":"2026-03-16T10:24:49","modified_gmt":"2026-03-16T09:24:49","slug":"jarny-farmarsky-a-remeselny-trh-21-3-2026","status":"publish","type":"etn","link":"https:\/\/kulturamoldava.sk\/hu\/etn\/jarny-farmarsky-a-remeselny-trh-21-3-2026\/","title":{"rendered":"JARN\u00dd FARM\u00c1RSKY A REMESELN\u00dd TRH 21.3.2026"},"content":{"rendered":"<p><img loading=\"lazy\" decoding=\"async\" class=\"alignnone size-full wp-image-35324\" src=\"https:\/\/kulturamoldava.sk\/wp-content\/uploads\/2026\/03\/JArny-trh-marec-2026-SK.png\" alt=\"\" width=\"1024\" height=\"1024\" srcset=\"https:\/\/kulturamoldava.sk\/wp-content\/uploads\/2026\/03\/JArny-trh-marec-2026-SK.png 1024w, https:\/\/kulturamoldava.sk\/wp-content\/uploads\/2026\/03\/JArny-trh-marec-2026-SK-300x300.png 300w, https:\/\/kulturamoldava.sk\/wp-content\/uploads\/2026\/03\/JArny-trh-marec-2026-SK-150x150.png 150w, https:\/\/kulturamoldava.sk\/wp-content\/uploads\/2026\/03\/JArny-trh-marec-2026-SK-768x768.png 768w, https:\/\/kulturamoldava.sk\/wp-content\/uploads\/2026\/03\/JArny-trh-marec-2026-SK-12x12.png 12w, https:\/\/kulturamoldava.sk\/wp-content\/uploads\/2026\/03\/JArny-trh-marec-2026-SK-140x140.png 140w, https:\/\/kulturamoldava.sk\/wp-content\/uploads\/2026\/03\/JArny-trh-marec-2026-SK-580x580.png 580w, https:\/\/kulturamoldava.sk\/wp-content\/uploads\/2026\/03\/JArny-trh-marec-2026-SK-860x860.png 860w, https:\/\/kulturamoldava.sk\/wp-content\/uploads\/2026\/03\/JArny-trh-marec-2026-SK-600x600.png 600w, https:\/\/kulturamoldava.sk\/wp-content\/uploads\/2026\/03\/JArny-trh-marec-2026-SK-100x100.png 100w\" sizes=\"auto, (max-width: 1024px) 100vw, 1024px\" \/><img loading=\"lazy\" decoding=\"async\" class=\"alignnone size-full wp-image-35323\" src=\"https:\/\/kulturamoldava.sk\/wp-content\/uploads\/2026\/03\/Jarny-trh-2026-HU.png\" alt=\"\" width=\"1024\" height=\"1024\" srcset=\"https:\/\/kulturamoldava.sk\/wp-content\/uploads\/2026\/03\/Jarny-trh-2026-HU.png 1024w, https:\/\/kulturamoldava.sk\/wp-content\/uploads\/2026\/03\/Jarny-trh-2026-HU-300x300.png 300w, https:\/\/kulturamoldava.sk\/wp-content\/uploads\/2026\/03\/Jarny-trh-2026-HU-150x150.png 150w, https:\/\/kulturamoldava.sk\/wp-content\/uploads\/2026\/03\/Jarny-trh-2026-HU-768x768.png 768w, https:\/\/kulturamoldava.sk\/wp-content\/uploads\/2026\/03\/Jarny-trh-2026-HU-12x12.png 12w, https:\/\/kulturamoldava.sk\/wp-content\/uploads\/2026\/03\/Jarny-trh-2026-HU-140x140.png 140w, https:\/\/kulturamoldava.sk\/wp-content\/uploads\/2026\/03\/Jarny-trh-2026-HU-580x580.png 580w, https:\/\/kulturamoldava.sk\/wp-content\/uploads\/2026\/03\/Jarny-trh-2026-HU-860x860.png 860w, https:\/\/kulturamoldava.sk\/wp-content\/uploads\/2026\/03\/Jarny-trh-2026-HU-600x600.png 600w, https:\/\/kulturamoldava.sk\/wp-content\/uploads\/2026\/03\/Jarny-trh-2026-HU-100x100.png 100w\" sizes=\"auto, (max-width: 1024px) 100vw, 1024px\" \/><\/p>","protected":false},"excerpt":{"rendered":"","protected":false},"author":1,"featured_media":35324,"parent":0,"template":"","meta":{"ngg_post_thumbnail":0},"etn_category":[88],"etn_tags":[],"class_list":["post-35325","etn","type-etn","status-publish","has-post-thumbnail","hentry","etn_category-udalosti"],"yoast_head":"<!-- This site is optimized with the Yoast SEO plugin v27.5 - https:\/\/yoast.com\/product\/yoast-seo-wordpress\/ -->\n<title>JARN\u00dd FARM\u00c1RSKY A REMESELN\u00dd TRH 21.3.2026 - Mestsk\u00e9 kult\u00farne stredisko Moldava nad Bodvou<\/title>\n<meta name=\"robots\" content=\"index, follow, max-snippet:-1, max-image-preview:large, max-video-preview:-1\" \/>\n<link rel=\"canonical\" href=\"https:\/\/kulturamoldava.sk\/hu\/etn\/jarny-farmarsky-a-remeselny-trh-21-3-2026\/\" \/>\n<meta property=\"og:locale\" content=\"hu_HU\" \/>\n<meta property=\"og:type\" content=\"article\" \/>\n<meta property=\"og:title\" content=\"JARN\u00dd FARM\u00c1RSKY A REMESELN\u00dd TRH 21.3.2026 - Mestsk\u00e9 kult\u00farne stredisko Moldava nad Bodvou\" \/>\n<meta property=\"og:url\" content=\"https:\/\/kulturamoldava.sk\/hu\/etn\/jarny-farmarsky-a-remeselny-trh-21-3-2026\/\" \/>\n<meta property=\"og:site_name\" content=\"Mestsk\u00e9 kult\u00farne stredisko Moldava nad Bodvou\" \/>\n<meta property=\"article:modified_time\" content=\"2026-03-16T09:24:49+00:00\" \/>\n<meta property=\"og:image\" content=\"https:\/\/kulturamoldava.sk\/wp-content\/uploads\/2026\/03\/JArny-trh-marec-2026-SK.png\" \/>\n\t<meta property=\"og:image:width\" content=\"1024\" \/>\n\t<meta property=\"og:image:height\" content=\"1024\" \/>\n\t<meta property=\"og:image:type\" content=\"image\/png\" \/>\n<meta name=\"twitter:card\" content=\"summary_large_image\" \/>\n<script type=\"application\/ld+json\" class=\"yoast-schema-graph\">{\"@context\":\"https:\\\/\\\/schema.org\",\"@graph\":[{\"@type\":\"WebPage\",\"@id\":\"https:\\\/\\\/kulturamoldava.sk\\\/etn\\\/jarny-farmarsky-a-remeselny-trh-21-3-2026\\\/\",\"url\":\"https:\\\/\\\/kulturamoldava.sk\\\/etn\\\/jarny-farmarsky-a-remeselny-trh-21-3-2026\\\/\",\"name\":\"JARN\u00dd FARM\u00c1RSKY A REMESELN\u00dd TRH 21.3.2026 - Mestsk\u00e9 kult\u00farne stredisko Moldava nad Bodvou\",\"isPartOf\":{\"@id\":\"https:\\\/\\\/kulturamoldava.sk\\\/#website\"},\"primaryImageOfPage\":{\"@id\":\"https:\\\/\\\/kulturamoldava.sk\\\/etn\\\/jarny-farmarsky-a-remeselny-trh-21-3-2026\\\/#primaryimage\"},\"image\":{\"@id\":\"https:\\\/\\\/kulturamoldava.sk\\\/etn\\\/jarny-farmarsky-a-remeselny-trh-21-3-2026\\\/#primaryimage\"},\"thumbnailUrl\":\"https:\\\/\\\/kulturamoldava.sk\\\/wp-content\\\/uploads\\\/2026\\\/03\\\/JArny-trh-marec-2026-SK.png\",\"datePublished\":\"2026-03-16T09:21:20+00:00\",\"dateModified\":\"2026-03-16T09:24:49+00:00\",\"breadcrumb\":{\"@id\":\"https:\\\/\\\/kulturamoldava.sk\\\/etn\\\/jarny-farmarsky-a-remeselny-trh-21-3-2026\\\/#breadcrumb\"},\"inLanguage\":\"hu\",\"potentialAction\":[{\"@type\":\"ReadAction\",\"target\":[\"https:\\\/\\\/kulturamoldava.sk\\\/etn\\\/jarny-farmarsky-a-remeselny-trh-21-3-2026\\\/\"]}]},{\"@type\":\"ImageObject\",\"inLanguage\":\"hu\",\"@id\":\"https:\\\/\\\/kulturamoldava.sk\\\/etn\\\/jarny-farmarsky-a-remeselny-trh-21-3-2026\\\/#primaryimage\",\"url\":\"https:\\\/\\\/kulturamoldava.sk\\\/wp-content\\\/uploads\\\/2026\\\/03\\\/JArny-trh-marec-2026-SK.png\",\"contentUrl\":\"https:\\\/\\\/kulturamoldava.sk\\\/wp-content\\\/uploads\\\/2026\\\/03\\\/JArny-trh-marec-2026-SK.png\",\"width\":1024,\"height\":1024},{\"@type\":\"BreadcrumbList\",\"@id\":\"https:\\\/\\\/kulturamoldava.sk\\\/etn\\\/jarny-farmarsky-a-remeselny-trh-21-3-2026\\\/#breadcrumb\",\"itemListElement\":[{\"@type\":\"ListItem\",\"position\":1,\"name\":\"Home\",\"item\":\"https:\\\/\\\/kulturamoldava.sk\\\/\"},{\"@type\":\"ListItem\",\"position\":2,\"name\":\"Events\",\"item\":\"https:\\\/\\\/kulturamoldava.sk\\\/etn\\\/\"},{\"@type\":\"ListItem\",\"position\":3,\"name\":\"JARN\u00dd FARM\u00c1RSKY A REMESELN\u00dd TRH 21.3.2026\"}]},{\"@type\":\"WebSite\",\"@id\":\"https:\\\/\\\/kulturamoldava.sk\\\/#website\",\"url\":\"https:\\\/\\\/kulturamoldava.sk\\\/\",\"name\":\"Mestsk\u00e9 kult\u00farne stredisko Moldava nad Bodvou\",\"description\":\"\",\"potentialAction\":[{\"@type\":\"SearchAction\",\"target\":{\"@type\":\"EntryPoint\",\"urlTemplate\":\"https:\\\/\\\/kulturamoldava.sk\\\/?s={search_term_string}\"},\"query-input\":{\"@type\":\"PropertyValueSpecification\",\"valueRequired\":true,\"valueName\":\"search_term_string\"}}],\"inLanguage\":\"hu\"}]}<\/script>\n<!-- \/ Yoast SEO plugin. -->","yoast_head_json":{"title":"JARN\u00dd FARM\u00c1RSKY A REMESELN\u00dd TRH 21.3.2026 - Mestsk\u00e9 kult\u00farne stredisko Moldava nad Bodvou","robots":{"index":"index","follow":"follow","max-snippet":"max-snippet:-1","max-image-preview":"max-image-preview:large","max-video-preview":"max-video-preview:-1"},"canonical":"https:\/\/kulturamoldava.sk\/hu\/etn\/jarny-farmarsky-a-remeselny-trh-21-3-2026\/","og_locale":"hu_HU","og_type":"article","og_title":"JARN\u00dd FARM\u00c1RSKY A REMESELN\u00dd TRH 21.3.2026 - Mestsk\u00e9 kult\u00farne stredisko Moldava nad Bodvou","og_url":"https:\/\/kulturamoldava.sk\/hu\/etn\/jarny-farmarsky-a-remeselny-trh-21-3-2026\/","og_site_name":"Mestsk\u00e9 kult\u00farne stredisko Moldava nad Bodvou","article_modified_time":"2026-03-16T09:24:49+00:00","og_image":[{"url":"https:\/\/kulturamoldava.sk\/wp-content\/uploads\/2026\/03\/JArny-trh-marec-2026-SK.png","width":1024,"height":1024,"type":"image\/png"}],"twitter_card":"summary_large_image","schema":{"@context":"https:\/\/schema.org","@graph":[{"@type":"WebPage","@id":"https:\/\/kulturamoldava.sk\/etn\/jarny-farmarsky-a-remeselny-trh-21-3-2026\/","url":"https:\/\/kulturamoldava.sk\/etn\/jarny-farmarsky-a-remeselny-trh-21-3-2026\/","name":"JARN\u00dd FARM\u00c1RSKY A REMESELN\u00dd TRH 21.3.2026 - Mestsk\u00e9 kult\u00farne stredisko Moldava nad Bodvou","isPartOf":{"@id":"https:\/\/kulturamoldava.sk\/#website"},"primaryImageOfPage":{"@id":"https:\/\/kulturamoldava.sk\/etn\/jarny-farmarsky-a-remeselny-trh-21-3-2026\/#primaryimage"},"image":{"@id":"https:\/\/kulturamoldava.sk\/etn\/jarny-farmarsky-a-remeselny-trh-21-3-2026\/#primaryimage"},"thumbnailUrl":"https:\/\/kulturamoldava.sk\/wp-content\/uploads\/2026\/03\/JArny-trh-marec-2026-SK.png","datePublished":"2026-03-16T09:21:20+00:00","dateModified":"2026-03-16T09:24:49+00:00","breadcrumb":{"@id":"https:\/\/kulturamoldava.sk\/etn\/jarny-farmarsky-a-remeselny-trh-21-3-2026\/#breadcrumb"},"inLanguage":"hu","potentialAction":[{"@type":"ReadAction","target":["https:\/\/kulturamoldava.sk\/etn\/jarny-farmarsky-a-remeselny-trh-21-3-2026\/"]}]},{"@type":"ImageObject","inLanguage":"hu","@id":"https:\/\/kulturamoldava.sk\/etn\/jarny-farmarsky-a-remeselny-trh-21-3-2026\/#primaryimage","url":"https:\/\/kulturamoldava.sk\/wp-content\/uploads\/2026\/03\/JArny-trh-marec-2026-SK.png","contentUrl":"https:\/\/kulturamoldava.sk\/wp-content\/uploads\/2026\/03\/JArny-trh-marec-2026-SK.png","width":1024,"height":1024},{"@type":"BreadcrumbList","@id":"https:\/\/kulturamoldava.sk\/etn\/jarny-farmarsky-a-remeselny-trh-21-3-2026\/#breadcrumb","itemListElement":[{"@type":"ListItem","position":1,"name":"Home","item":"https:\/\/kulturamoldava.sk\/"},{"@type":"ListItem","position":2,"name":"Events","item":"https:\/\/kulturamoldava.sk\/etn\/"},{"@type":"ListItem","position":3,"name":"JARN\u00dd FARM\u00c1RSKY A REMESELN\u00dd TRH 21.3.2026"}]},{"@type":"WebSite","@id":"https:\/\/kulturamoldava.sk\/#website","url":"https:\/\/kulturamoldava.sk\/","name":"Szepsi V\u00e1rosi M\u0171vel\u0151d\u00e9si K\u00f6zpont","description":"","potentialAction":[{"@type":"SearchAction","target":{"@type":"EntryPoint","urlTemplate":"https:\/\/kulturamoldava.sk\/?s={search_term_string}"},"query-input":{"@type":"PropertyValueSpecification","valueRequired":true,"valueName":"search_term_string"}}],"inLanguage":"hu"}]}},"_links":{"self":[{"href":"https:\/\/kulturamoldava.sk\/hu\/wp-json\/wp\/v2\/etn\/35325","targetHints":{"allow":["GET"]}}],"collection":[{"href":"https:\/\/kulturamoldava.sk\/hu\/wp-json\/wp\/v2\/etn"}],"about":[{"href":"https:\/\/kulturamoldava.sk\/hu\/wp-json\/wp\/v2\/types\/etn"}],"author":[{"embeddable":true,"href":"https:\/\/kulturamoldava.sk\/hu\/wp-json\/wp\/v2\/users\/1"}],"wp:featuredmedia":[{"embeddable":true,"href":"https:\/\/kulturamoldava.sk\/hu\/wp-json\/wp\/v2\/media\/35324"}],"wp:attachment":[{"href":"https:\/\/kulturamoldava.sk\/hu\/wp-json\/wp\/v2\/media?parent=35325"}],"wp:term":[{"taxonomy":"etn_category","embeddable":true,"href":"https:\/\/kulturamoldava.sk\/hu\/wp-json\/wp\/v2\/etn_category?post=35325"},{"taxonomy":"etn_tags","embeddable":true,"href":"https:\/\/kulturamoldava.sk\/hu\/wp-json\/wp\/v2\/etn_tags?post=35325"}],"curies":[{"name":"wp","href":"https:\/\/api.w.org\/{rel}","templated":true}]}}

JARNÝ FARMÁRSKY A REMESELNÝ TRH 21.3.2026

<!-- This site is optimized with the Yoast SEO plugin v27.5 - https://yoast.com/product/yoast-seo-wordpress/ -->
<title>JARNÝ FARMÁRSKY A REMESELNÝ TRH 21.3.2026 - Mestské kultúrne stredisko Moldava nad Bodvou</title>
<meta name="robots" content="index, follow, max-snippet:-1, max-image-preview:large, max-video-preview:-1" />
<link rel="canonical" href="https://kulturamoldava.sk/hu/etn/jarny-farmarsky-a-remeselny-trh-21-3-2026/" />
<meta property="og:locale" content="hu_HU" />
<meta property="og:type" content="article" />
<meta property="og:title" content="JARNÝ FARMÁRSKY A REMESELNÝ TRH 21.3.2026 - Mestské kultúrne stredisko Moldava nad Bodvou" />
<meta property="og:url" content="https://kulturamoldava.sk/hu/etn/jarny-farmarsky-a-remeselny-trh-21-3-2026/" />
<meta property="og:site_name" content="Mestské kultúrne stredisko Moldava nad Bodvou" />
<meta property="article:modified_time" content="2026-03-16T09:24:49+00:00" />
<meta property="og:image" content="https://kulturamoldava.sk/wp-content/uploads/2026/03/JArny-trh-marec-2026-SK.png" />
	<meta property="og:image:width" content="1024" />
	<meta property="og:image:height" content="1024" />
	<meta property="og:image:type" content="image/png" />
<meta name="twitter:card" content="summary_large_image" />
<script type="application/ld+json" class="yoast-schema-graph">{"@context":"https:\/\/schema.org","@graph":[{"@type":"WebPage","@id":"https:\/\/kulturamoldava.sk\/etn\/jarny-farmarsky-a-remeselny-trh-21-3-2026\/","url":"https:\/\/kulturamoldava.sk\/etn\/jarny-farmarsky-a-remeselny-trh-21-3-2026\/","name":"JARNÝ FARMÁRSKY A REMESELNÝ TRH 21.3.2026 - Mestské kultúrne stredisko Moldava nad Bodvou","isPartOf":{"@id":"https:\/\/kulturamoldava.sk\/#website"},"primaryImageOfPage":{"@id":"https:\/\/kulturamoldava.sk\/etn\/jarny-farmarsky-a-remeselny-trh-21-3-2026\/#primaryimage"},"image":{"@id":"https:\/\/kulturamoldava.sk\/etn\/jarny-farmarsky-a-remeselny-trh-21-3-2026\/#primaryimage"},"thumbnailUrl":"https:\/\/kulturamoldava.sk\/wp-content\/uploads\/2026\/03\/JArny-trh-marec-2026-SK.png","datePublished":"2026-03-16T09:21:20+00:00","dateModified":"2026-03-16T09:24:49+00:00","breadcrumb":{"@id":"https:\/\/kulturamoldava.sk\/etn\/jarny-farmarsky-a-remeselny-trh-21-3-2026\/#breadcrumb"},"inLanguage":"hu","potentialAction":[{"@type":"ReadAction","target":["https:\/\/kulturamoldava.sk\/etn\/jarny-farmarsky-a-remeselny-trh-21-3-2026\/"]}]},{"@type":"ImageObject","inLanguage":"hu","@id":"https:\/\/kulturamoldava.sk\/etn\/jarny-farmarsky-a-remeselny-trh-21-3-2026\/#primaryimage","url":"https:\/\/kulturamoldava.sk\/wp-content\/uploads\/2026\/03\/JArny-trh-marec-2026-SK.png","contentUrl":"https:\/\/kulturamoldava.sk\/wp-content\/uploads\/2026\/03\/JArny-trh-marec-2026-SK.png","width":1024,"height":1024},{"@type":"BreadcrumbList","@id":"https:\/\/kulturamoldava.sk\/etn\/jarny-farmarsky-a-remeselny-trh-21-3-2026\/#breadcrumb","itemListElement":[{"@type":"ListItem","position":1,"name":"Home","item":"https:\/\/kulturamoldava.sk\/"},{"@type":"ListItem","position":2,"name":"Events","item":"https:\/\/kulturamoldava.sk\/etn\/"},{"@type":"ListItem","position":3,"name":"JARNÝ FARMÁRSKY A REMESELNÝ TRH 21.3.2026"}]},{"@type":"WebSite","@id":"https:\/\/kulturamoldava.sk\/#website","url":"https:\/\/kulturamoldava.sk\/","name":"Mestské kultúrne stredisko Moldava nad Bodvou","description":"","potentialAction":[{"@type":"SearchAction","target":{"@type":"EntryPoint","urlTemplate":"https:\/\/kulturamoldava.sk\/?s={search_term_string}"},"query-input":{"@type":"PropertyValueSpecification","valueRequired":true,"valueName":"search_term_string"}}],"inLanguage":"hu"}]}</script>
<!-- / Yoast SEO plugin. -->

JARNÝ FARMÁRSKY A REMESELNÝ TRH 21.3.2026 - Mestské kultúrne stredisko Moldava nad Bodvou

Mestské kultúrne stredisko Moldava nad Bodvou

Szepsi Városi Művelődési Központ
