{"id":33039,"date":"2025-09-11T10:43:49","date_gmt":"2025-09-11T08:43:49","guid":{"rendered":"https:\/\/kulturamoldava.sk\/?post_type=etn&#038;p=33039"},"modified":"2025-09-11T10:43:52","modified_gmt":"2025-09-11T08:43:52","slug":"gastro-festival-27-9-2025","status":"publish","type":"etn","link":"https:\/\/kulturamoldava.sk\/hu\/etn\/gastro-festival-27-9-2025\/","title":{"rendered":"GASTRO FESTIVAL 27.9.2025"},"content":{"rendered":"<figure class=\"wp-block-gallery has-nested-images columns-default is-cropped wp-block-gallery-1 is-layout-flex wp-block-gallery-is-layout-flex\">\n<figure class=\"wp-block-image size-large\"><img decoding=\"async\" data-id=\"33044\" src=\"https:\/\/kulturamoldava.sk\/wp-content\/uploads\/2025\/09\/GASTROFEST-2025-SK-2-724x1024.jpg\" alt=\"\" class=\"wp-image-33044\"\/><\/figure>\n<\/figure>\n\n\n<div class=\"wp-block-image\">\n<figure class=\"aligncenter size-large\"><img loading=\"lazy\" decoding=\"async\" width=\"724\" height=\"1024\" src=\"https:\/\/kulturamoldava.sk\/wp-content\/uploads\/2025\/09\/GASTROFEST-2025-HU-2-724x1024.jpg\" alt=\"\" class=\"wp-image-33045\" srcset=\"https:\/\/kulturamoldava.sk\/wp-content\/uploads\/2025\/09\/GASTROFEST-2025-HU-2-724x1024.jpg 724w, https:\/\/kulturamoldava.sk\/wp-content\/uploads\/2025\/09\/GASTROFEST-2025-HU-2-212x300.jpg 212w, https:\/\/kulturamoldava.sk\/wp-content\/uploads\/2025\/09\/GASTROFEST-2025-HU-2-768x1086.jpg 768w, https:\/\/kulturamoldava.sk\/wp-content\/uploads\/2025\/09\/GASTROFEST-2025-HU-2-1086x1536.jpg 1086w, https:\/\/kulturamoldava.sk\/wp-content\/uploads\/2025\/09\/GASTROFEST-2025-HU-2-8x12.jpg 8w, https:\/\/kulturamoldava.sk\/wp-content\/uploads\/2025\/09\/GASTROFEST-2025-HU-2-580x820.jpg 580w, https:\/\/kulturamoldava.sk\/wp-content\/uploads\/2025\/09\/GASTROFEST-2025-HU-2-860x1216.jpg 860w, https:\/\/kulturamoldava.sk\/wp-content\/uploads\/2025\/09\/GASTROFEST-2025-HU-2-1160x1641.jpg 1160w, https:\/\/kulturamoldava.sk\/wp-content\/uploads\/2025\/09\/GASTROFEST-2025-HU-2-600x849.jpg 600w, https:\/\/kulturamoldava.sk\/wp-content\/uploads\/2025\/09\/GASTROFEST-2025-HU-2.jpg 1414w\" sizes=\"auto, (max-width: 724px) 100vw, 724px\" \/><\/figure>\n<\/div>","protected":false},"excerpt":{"rendered":"","protected":false},"author":1,"featured_media":33044,"parent":0,"template":"","meta":{"ngg_post_thumbnail":0},"etn_category":[88],"etn_tags":[],"class_list":["post-33039","etn","type-etn","status-publish","has-post-thumbnail","hentry","etn_category-udalosti"],"yoast_head":"<!-- This site is optimized with the Yoast SEO plugin v27.5 - https:\/\/yoast.com\/product\/yoast-seo-wordpress\/ -->\n<title>GASTRO FESTIVAL 27.9.2025 - Mestsk\u00e9 kult\u00farne stredisko Moldava nad Bodvou<\/title>\n<meta name=\"robots\" content=\"index, follow, max-snippet:-1, max-image-preview:large, max-video-preview:-1\" \/>\n<link rel=\"canonical\" href=\"https:\/\/kulturamoldava.sk\/hu\/etn\/gastro-festival-27-9-2025\/\" \/>\n<meta property=\"og:locale\" content=\"hu_HU\" \/>\n<meta property=\"og:type\" content=\"article\" \/>\n<meta property=\"og:title\" content=\"GASTRO FESTIVAL 27.9.2025 - Mestsk\u00e9 kult\u00farne stredisko Moldava nad Bodvou\" \/>\n<meta property=\"og:url\" content=\"https:\/\/kulturamoldava.sk\/hu\/etn\/gastro-festival-27-9-2025\/\" \/>\n<meta property=\"og:site_name\" content=\"Mestsk\u00e9 kult\u00farne stredisko Moldava nad Bodvou\" \/>\n<meta property=\"article:modified_time\" content=\"2025-09-11T08:43:52+00:00\" \/>\n<meta property=\"og:image\" content=\"https:\/\/kulturamoldava.sk\/wp-content\/uploads\/2025\/09\/GASTROFEST-2025-SK-2-e1757580191163.jpg\" \/>\n\t<meta property=\"og:image:width\" content=\"1410\" \/>\n\t<meta property=\"og:image:height\" content=\"1227\" \/>\n\t<meta property=\"og:image:type\" content=\"image\/jpeg\" \/>\n<meta name=\"twitter:card\" content=\"summary_large_image\" \/>\n<meta name=\"twitter:label1\" content=\"Becs\u00fclt olvas\u00e1si id\u0151\" \/>\n\t<meta name=\"twitter:data1\" content=\"1 perc\" \/>\n<script type=\"application\/ld+json\" class=\"yoast-schema-graph\">{\"@context\":\"https:\\\/\\\/schema.org\",\"@graph\":[{\"@type\":\"WebPage\",\"@id\":\"https:\\\/\\\/kulturamoldava.sk\\\/etn\\\/gastro-festival-27-9-2025\\\/\",\"url\":\"https:\\\/\\\/kulturamoldava.sk\\\/etn\\\/gastro-festival-27-9-2025\\\/\",\"name\":\"GASTRO FESTIVAL 27.9.2025 - Mestsk\u00e9 kult\u00farne stredisko Moldava nad Bodvou\",\"isPartOf\":{\"@id\":\"https:\\\/\\\/kulturamoldava.sk\\\/#website\"},\"primaryImageOfPage\":{\"@id\":\"https:\\\/\\\/kulturamoldava.sk\\\/etn\\\/gastro-festival-27-9-2025\\\/#primaryimage\"},\"image\":{\"@id\":\"https:\\\/\\\/kulturamoldava.sk\\\/etn\\\/gastro-festival-27-9-2025\\\/#primaryimage\"},\"thumbnailUrl\":\"https:\\\/\\\/kulturamoldava.sk\\\/wp-content\\\/uploads\\\/2025\\\/09\\\/GASTROFEST-2025-SK-2-e1757580191163.jpg\",\"datePublished\":\"2025-09-11T08:43:49+00:00\",\"dateModified\":\"2025-09-11T08:43:52+00:00\",\"breadcrumb\":{\"@id\":\"https:\\\/\\\/kulturamoldava.sk\\\/etn\\\/gastro-festival-27-9-2025\\\/#breadcrumb\"},\"inLanguage\":\"hu\",\"potentialAction\":[{\"@type\":\"ReadAction\",\"target\":[\"https:\\\/\\\/kulturamoldava.sk\\\/etn\\\/gastro-festival-27-9-2025\\\/\"]}]},{\"@type\":\"ImageObject\",\"inLanguage\":\"hu\",\"@id\":\"https:\\\/\\\/kulturamoldava.sk\\\/etn\\\/gastro-festival-27-9-2025\\\/#primaryimage\",\"url\":\"https:\\\/\\\/kulturamoldava.sk\\\/wp-content\\\/uploads\\\/2025\\\/09\\\/GASTROFEST-2025-SK-2-e1757580191163.jpg\",\"contentUrl\":\"https:\\\/\\\/kulturamoldava.sk\\\/wp-content\\\/uploads\\\/2025\\\/09\\\/GASTROFEST-2025-SK-2-e1757580191163.jpg\",\"width\":1410,\"height\":1227},{\"@type\":\"BreadcrumbList\",\"@id\":\"https:\\\/\\\/kulturamoldava.sk\\\/etn\\\/gastro-festival-27-9-2025\\\/#breadcrumb\",\"itemListElement\":[{\"@type\":\"ListItem\",\"position\":1,\"name\":\"Home\",\"item\":\"https:\\\/\\\/kulturamoldava.sk\\\/\"},{\"@type\":\"ListItem\",\"position\":2,\"name\":\"Events\",\"item\":\"https:\\\/\\\/kulturamoldava.sk\\\/etn\\\/\"},{\"@type\":\"ListItem\",\"position\":3,\"name\":\"GASTRO FESTIVAL 27.9.2025\"}]},{\"@type\":\"WebSite\",\"@id\":\"https:\\\/\\\/kulturamoldava.sk\\\/#website\",\"url\":\"https:\\\/\\\/kulturamoldava.sk\\\/\",\"name\":\"Mestsk\u00e9 kult\u00farne stredisko Moldava nad Bodvou\",\"description\":\"\",\"potentialAction\":[{\"@type\":\"SearchAction\",\"target\":{\"@type\":\"EntryPoint\",\"urlTemplate\":\"https:\\\/\\\/kulturamoldava.sk\\\/?s={search_term_string}\"},\"query-input\":{\"@type\":\"PropertyValueSpecification\",\"valueRequired\":true,\"valueName\":\"search_term_string\"}}],\"inLanguage\":\"hu\"}]}<\/script>\n<!-- \/ Yoast SEO plugin. -->","yoast_head_json":{"title":"GASTRO FESTIVAL 27.9.2025 - Mestsk\u00e9 kult\u00farne stredisko Moldava nad Bodvou","robots":{"index":"index","follow":"follow","max-snippet":"max-snippet:-1","max-image-preview":"max-image-preview:large","max-video-preview":"max-video-preview:-1"},"canonical":"https:\/\/kulturamoldava.sk\/hu\/etn\/gastro-festival-27-9-2025\/","og_locale":"hu_HU","og_type":"article","og_title":"GASTRO FESTIVAL 27.9.2025 - Mestsk\u00e9 kult\u00farne stredisko Moldava nad Bodvou","og_url":"https:\/\/kulturamoldava.sk\/hu\/etn\/gastro-festival-27-9-2025\/","og_site_name":"Mestsk\u00e9 kult\u00farne stredisko Moldava nad Bodvou","article_modified_time":"2025-09-11T08:43:52+00:00","og_image":[{"width":1410,"height":1227,"url":"https:\/\/kulturamoldava.sk\/wp-content\/uploads\/2025\/09\/GASTROFEST-2025-SK-2-e1757580191163.jpg","type":"image\/jpeg"}],"twitter_card":"summary_large_image","twitter_misc":{"Becs\u00fclt olvas\u00e1si id\u0151":"1 perc"},"schema":{"@context":"https:\/\/schema.org","@graph":[{"@type":"WebPage","@id":"https:\/\/kulturamoldava.sk\/etn\/gastro-festival-27-9-2025\/","url":"https:\/\/kulturamoldava.sk\/etn\/gastro-festival-27-9-2025\/","name":"GASTRO FESTIVAL 27.9.2025 - Mestsk\u00e9 kult\u00farne stredisko Moldava nad Bodvou","isPartOf":{"@id":"https:\/\/kulturamoldava.sk\/#website"},"primaryImageOfPage":{"@id":"https:\/\/kulturamoldava.sk\/etn\/gastro-festival-27-9-2025\/#primaryimage"},"image":{"@id":"https:\/\/kulturamoldava.sk\/etn\/gastro-festival-27-9-2025\/#primaryimage"},"thumbnailUrl":"https:\/\/kulturamoldava.sk\/wp-content\/uploads\/2025\/09\/GASTROFEST-2025-SK-2-e1757580191163.jpg","datePublished":"2025-09-11T08:43:49+00:00","dateModified":"2025-09-11T08:43:52+00:00","breadcrumb":{"@id":"https:\/\/kulturamoldava.sk\/etn\/gastro-festival-27-9-2025\/#breadcrumb"},"inLanguage":"hu","potentialAction":[{"@type":"ReadAction","target":["https:\/\/kulturamoldava.sk\/etn\/gastro-festival-27-9-2025\/"]}]},{"@type":"ImageObject","inLanguage":"hu","@id":"https:\/\/kulturamoldava.sk\/etn\/gastro-festival-27-9-2025\/#primaryimage","url":"https:\/\/kulturamoldava.sk\/wp-content\/uploads\/2025\/09\/GASTROFEST-2025-SK-2-e1757580191163.jpg","contentUrl":"https:\/\/kulturamoldava.sk\/wp-content\/uploads\/2025\/09\/GASTROFEST-2025-SK-2-e1757580191163.jpg","width":1410,"height":1227},{"@type":"BreadcrumbList","@id":"https:\/\/kulturamoldava.sk\/etn\/gastro-festival-27-9-2025\/#breadcrumb","itemListElement":[{"@type":"ListItem","position":1,"name":"Home","item":"https:\/\/kulturamoldava.sk\/"},{"@type":"ListItem","position":2,"name":"Events","item":"https:\/\/kulturamoldava.sk\/etn\/"},{"@type":"ListItem","position":3,"name":"GASTRO FESTIVAL 27.9.2025"}]},{"@type":"WebSite","@id":"https:\/\/kulturamoldava.sk\/#website","url":"https:\/\/kulturamoldava.sk\/","name":"Szepsi V\u00e1rosi M\u0171vel\u0151d\u00e9si K\u00f6zpont","description":"","potentialAction":[{"@type":"SearchAction","target":{"@type":"EntryPoint","urlTemplate":"https:\/\/kulturamoldava.sk\/?s={search_term_string}"},"query-input":{"@type":"PropertyValueSpecification","valueRequired":true,"valueName":"search_term_string"}}],"inLanguage":"hu"}]}},"_links":{"self":[{"href":"https:\/\/kulturamoldava.sk\/hu\/wp-json\/wp\/v2\/etn\/33039","targetHints":{"allow":["GET"]}}],"collection":[{"href":"https:\/\/kulturamoldava.sk\/hu\/wp-json\/wp\/v2\/etn"}],"about":[{"href":"https:\/\/kulturamoldava.sk\/hu\/wp-json\/wp\/v2\/types\/etn"}],"author":[{"embeddable":true,"href":"https:\/\/kulturamoldava.sk\/hu\/wp-json\/wp\/v2\/users\/1"}],"wp:featuredmedia":[{"embeddable":true,"href":"https:\/\/kulturamoldava.sk\/hu\/wp-json\/wp\/v2\/media\/33044"}],"wp:attachment":[{"href":"https:\/\/kulturamoldava.sk\/hu\/wp-json\/wp\/v2\/media?parent=33039"}],"wp:term":[{"taxonomy":"etn_category","embeddable":true,"href":"https:\/\/kulturamoldava.sk\/hu\/wp-json\/wp\/v2\/etn_category?post=33039"},{"taxonomy":"etn_tags","embeddable":true,"href":"https:\/\/kulturamoldava.sk\/hu\/wp-json\/wp\/v2\/etn_tags?post=33039"}],"curies":[{"name":"wp","href":"https:\/\/api.w.org\/{rel}","templated":true}]}}

<!-- This site is optimized with the Yoast SEO plugin v27.5 - https://yoast.com/product/yoast-seo-wordpress/ -->
<title>GASTRO FESTIVAL 27.9.2025 - Mestské kultúrne stredisko Moldava nad Bodvou</title>
<meta name="robots" content="index, follow, max-snippet:-1, max-image-preview:large, max-video-preview:-1" />
<link rel="canonical" href="https://kulturamoldava.sk/hu/etn/gastro-festival-27-9-2025/" />
<meta property="og:locale" content="hu_HU" />
<meta property="og:type" content="article" />
<meta property="og:title" content="GASTRO FESTIVAL 27.9.2025 - Mestské kultúrne stredisko Moldava nad Bodvou" />
<meta property="og:url" content="https://kulturamoldava.sk/hu/etn/gastro-festival-27-9-2025/" />
<meta property="og:site_name" content="Mestské kultúrne stredisko Moldava nad Bodvou" />
<meta property="article:modified_time" content="2025-09-11T08:43:52+00:00" />
<meta property="og:image" content="https://kulturamoldava.sk/wp-content/uploads/2025/09/GASTROFEST-2025-SK-2-e1757580191163.jpg" />
	<meta property="og:image:width" content="1410" />
	<meta property="og:image:height" content="1227" />
	<meta property="og:image:type" content="image/jpeg" />
<meta name="twitter:card" content="summary_large_image" />
<meta name="twitter:label1" content="Becsült olvasási idő" />
	<meta name="twitter:data1" content="1 perc" />
<script type="application/ld+json" class="yoast-schema-graph">{"@context":"https:\/\/schema.org","@graph":[{"@type":"WebPage","@id":"https:\/\/kulturamoldava.sk\/etn\/gastro-festival-27-9-2025\/","url":"https:\/\/kulturamoldava.sk\/etn\/gastro-festival-27-9-2025\/","name":"GASTRO FESTIVAL 27.9.2025 - Mestské kultúrne stredisko Moldava nad Bodvou","isPartOf":{"@id":"https:\/\/kulturamoldava.sk\/#website"},"primaryImageOfPage":{"@id":"https:\/\/kulturamoldava.sk\/etn\/gastro-festival-27-9-2025\/#primaryimage"},"image":{"@id":"https:\/\/kulturamoldava.sk\/etn\/gastro-festival-27-9-2025\/#primaryimage"},"thumbnailUrl":"https:\/\/kulturamoldava.sk\/wp-content\/uploads\/2025\/09\/GASTROFEST-2025-SK-2-e1757580191163.jpg","datePublished":"2025-09-11T08:43:49+00:00","dateModified":"2025-09-11T08:43:52+00:00","breadcrumb":{"@id":"https:\/\/kulturamoldava.sk\/etn\/gastro-festival-27-9-2025\/#breadcrumb"},"inLanguage":"hu","potentialAction":[{"@type":"ReadAction","target":["https:\/\/kulturamoldava.sk\/etn\/gastro-festival-27-9-2025\/"]}]},{"@type":"ImageObject","inLanguage":"hu","@id":"https:\/\/kulturamoldava.sk\/etn\/gastro-festival-27-9-2025\/#primaryimage","url":"https:\/\/kulturamoldava.sk\/wp-content\/uploads\/2025\/09\/GASTROFEST-2025-SK-2-e1757580191163.jpg","contentUrl":"https:\/\/kulturamoldava.sk\/wp-content\/uploads\/2025\/09\/GASTROFEST-2025-SK-2-e1757580191163.jpg","width":1410,"height":1227},{"@type":"BreadcrumbList","@id":"https:\/\/kulturamoldava.sk\/etn\/gastro-festival-27-9-2025\/#breadcrumb","itemListElement":[{"@type":"ListItem","position":1,"name":"Home","item":"https:\/\/kulturamoldava.sk\/"},{"@type":"ListItem","position":2,"name":"Events","item":"https:\/\/kulturamoldava.sk\/etn\/"},{"@type":"ListItem","position":3,"name":"GASTRO FESTIVAL 27.9.2025"}]},{"@type":"WebSite","@id":"https:\/\/kulturamoldava.sk\/#website","url":"https:\/\/kulturamoldava.sk\/","name":"Mestské kultúrne stredisko Moldava nad Bodvou","description":"","potentialAction":[{"@type":"SearchAction","target":{"@type":"EntryPoint","urlTemplate":"https:\/\/kulturamoldava.sk\/?s={search_term_string}"},"query-input":{"@type":"PropertyValueSpecification","valueRequired":true,"valueName":"search_term_string"}}],"inLanguage":"hu"}]}</script>
<!-- / Yoast SEO plugin. -->

GASTRO FESTIVAL 27.9.2025 - Mestské kultúrne stredisko Moldava nad Bodvou

Mestské kultúrne stredisko Moldava nad Bodvou

Szepsi Városi Művelődési Központ
