{"version":"1.0","provider_name":"Szepsi V\u00e1rosi M\u0171vel\u0151d\u00e9si K\u00f6zpont","provider_url":"https:\/\/kulturamoldava.sk\/hu\/","author_name":"kulturamoldava","author_url":"https:\/\/kulturamoldava.sk\/hu\/author\/kulturamoldava\/","title":"TOVARI\u0160I V ZEKERE\u0160I 27.9.2025 - Mestsk\u00e9 kult\u00farne stredisko Moldava nad Bodvou","type":"rich","width":600,"height":338,"html":"<blockquote class=\"wp-embedded-content\" data-secret=\"DD4RbJWA6j\"><a href=\"https:\/\/kulturamoldava.sk\/hu\/tovarisi-v-zekeresi-27-9-2025\/\">TOVARI\u0160I V ZEKERE\u0160I 27.9.2025<\/a><\/blockquote><iframe sandbox=\"allow-scripts\" security=\"restricted\" src=\"https:\/\/kulturamoldava.sk\/hu\/tovarisi-v-zekeresi-27-9-2025\/embed\/#?secret=DD4RbJWA6j\" width=\"600\" height=\"338\" title=\"&#8220;TOVARI\u0160I V ZEKERE\u0160I 27.9.2025&#8221; &#8212; Mestsk\u00e9 kult\u00farne stredisko Moldava nad Bodvou\" data-secret=\"DD4RbJWA6j\" frameborder=\"0\" marginwidth=\"0\" marginheight=\"0\" scrolling=\"no\" class=\"wp-embedded-content\"><\/iframe><script type=\"text\/javascript\">\n\/* <![CDATA[ *\/\n\/*! This file is auto-generated *\/\n!function(d,l){\"use strict\";l.querySelector&&d.addEventListener&&\"undefined\"!=typeof URL&&(d.wp=d.wp||{},d.wp.receiveEmbedMessage||(d.wp.receiveEmbedMessage=function(e){var t=e.data;if((t||t.secret||t.message||t.value)&&!\/[^a-zA-Z0-9]\/.test(t.secret)){for(var s,r,n,a=l.querySelectorAll('iframe[data-secret=\"'+t.secret+'\"]'),o=l.querySelectorAll('blockquote[data-secret=\"'+t.secret+'\"]'),c=new RegExp(\"^https?:$\",\"i\"),i=0;i<o.length;i++)o[i].style.display=\"none\";for(i=0;i<a.length;i++)s=a[i],e.source===s.contentWindow&&(s.removeAttribute(\"style\"),\"height\"===t.message?(1e3<(r=parseInt(t.value,10))?r=1e3:~~r<200&&(r=200),s.height=r):\"link\"===t.message&&(r=new URL(s.getAttribute(\"src\")),n=new URL(t.value),c.test(n.protocol))&&n.host===r.host&&l.activeElement===s&&(d.top.location.href=t.value))}},d.addEventListener(\"message\",d.wp.receiveEmbedMessage,!1),l.addEventListener(\"DOMContentLoaded\",function(){for(var e,t,s=l.querySelectorAll(\"iframe.wp-embedded-content\"),r=0;r<s.length;r++)(t=(e=s[r]).getAttribute(\"data-secret\"))||(t=Math.random().toString(36).substring(2,12),e.src+=\"#?secret=\"+t,e.setAttribute(\"data-secret\",t)),e.contentWindow.postMessage({message:\"ready\",secret:t},\"*\")},!1)))}(window,document);\n\/\/# sourceURL=https:\/\/kulturamoldava.sk\/wp-includes\/js\/wp-embed.min.js\n\/* ]]> *\/\n<\/script>","thumbnail_url":"https:\/\/kulturamoldava.sk\/wp-content\/uploads\/2026\/01\/25-09-27-Gastrofest-060.jpg","thumbnail_width":2048,"thumbnail_height":1536,"description":"V sobotu 27. septembra 2025 sa Moldava premenila na hlavn\u00e9 mesto chut\u00ed a v\u00f4n\u00ed n\u00e1\u0161ho regi\u00f3nu. N\u00e1v\u0161tevn\u00edci za\u017eili prav\u00fd marat\u00f3n kulin\u00e1rskych schopnost\u00ed, kde nech\u00fdbali skvel\u00e9 v\u00fdkony s\u00fa\u0165a\u017eiacich, hodnoten\u00e9 odbornou porotou. Rozmanit\u00e9 farby jed\u00e1l, bohat\u00e9 chute i l\u00e1kav\u00e9 v\u00f4ne pril\u00e1kali stovky milovn\u00edkov dobr\u00e9ho jedla. Program spestrili vyst\u00fapenia detskej folkl\u00f3rnej skupiny \u010cu\u010doriedky, \u017eensk\u00e9ho spev\u00e1ckeho s\u00faboru \u017divena, \u013eudovoumeleck\u00e9ho..."}

Szepsi Városi Művelődési Központ

TOVARIŠI V ZEKEREŠI 27.9.2025 - Mestské kultúrne stredisko Moldava nad Bodvou

<blockquote class="wp-embedded-content" data-secret="DD4RbJWA6j"><a href="https://kulturamoldava.sk/hu/tovarisi-v-zekeresi-27-9-2025/">TOVARIŠI V ZEKEREŠI 27.9.2025</a></blockquote><iframe sandbox="allow-scripts" security="restricted" src="https://kulturamoldava.sk/hu/tovarisi-v-zekeresi-27-9-2025/embed/#?secret=DD4RbJWA6j" width="600" height="338" title="&#8220;TOVARIŠI V ZEKEREŠI 27.9.2025&#8221; &#8212; Mestské kultúrne stredisko Moldava nad Bodvou" data-secret="DD4RbJWA6j" frameborder="0" marginwidth="0" marginheight="0" scrolling="no" class="wp-embedded-content"></iframe><script type="text/javascript">
/* <![CDATA[ */
/*! This file is auto-generated */
!function(d,l){"use strict";l.querySelector&&d.addEventListener&&"undefined"!=typeof URL&&(d.wp=d.wp||{},d.wp.receiveEmbedMessage||(d.wp.receiveEmbedMessage=function(e){var t=e.data;if((t||t.secret||t.message||t.value)&&!/[^a-zA-Z0-9]/.test(t.secret)){for(var s,r,n,a=l.querySelectorAll('iframe[data-secret="'+t.secret+'"]'),o=l.querySelectorAll('blockquote[data-secret="'+t.secret+'"]'),c=new RegExp("^https?:$","i"),i=0;i<o.length;i++)o[i].style.display="none";for(i=0;i<a.length;i++)s=a[i],e.source===s.contentWindow&&(s.removeAttribute("style"),"height"===t.message?(1e3<(r=parseInt(t.value,10))?r=1e3:~~r<200&&(r=200),s.height=r):"link"===t.message&&(r=new URL(s.getAttribute("src")),n=new URL(t.value),c.test(n.protocol))&&n.host===r.host&&l.activeElement===s&&(d.top.location.href=t.value))}},d.addEventListener("message",d.wp.receiveEmbedMessage,!1),l.addEventListener("DOMContentLoaded",function(){for(var e,t,s=l.querySelectorAll("iframe.wp-embedded-content"),r=0;r<s.length;r++)(t=(e=s[r]).getAttribute("data-secret"))||(t=Math.random().toString(36).substring(2,12),e.src+="#?secret="+t,e.setAttribute("data-secret",t)),e.contentWindow.postMessage({message:"ready",secret:t},"*")},!1)))}(window,document);
//# sourceURL=https://kulturamoldava.sk/wp-includes/js/wp-embed.min.js
/* ]]> */
</script>

V sobotu 27. septembra 2025 sa Moldava premenila na hlavné mesto chutí a vôní nášho regiónu. Návštevníci zažili pravý maratón kulinárskych schopností, kde nechýbali skvelé výkony súťažiacich, hodnotené odbornou porotou. Rozmanité farby jedál, bohaté chute i lákavé vône prilákali stovky milovníkov dobrého jedla. Program spestrili vystúpenia detskej folklórnej skupiny Čučoriedky, ženského speváckeho súboru Živena, ľudovoumeleckého...
