{"version":"1.0","provider_name":"Szepsi V\u00e1rosi M\u0171vel\u0151d\u00e9si K\u00f6zpont","provider_url":"https:\/\/kulturamoldava.sk\/hu\/","author_name":"kulturamoldava","author_url":"https:\/\/kulturamoldava.sk\/hu\/author\/kulturamoldava\/","title":"S\u00fa\u0165a\u017e - suven\u00edry s modrotla\u010dou - Mestsk\u00e9 kult\u00farne stredisko Moldava nad Bodvou","type":"rich","width":600,"height":338,"html":"<blockquote class=\"wp-embedded-content\" data-secret=\"jukkmMGmBs\"><a href=\"https:\/\/kulturamoldava.sk\/hu\/sutaz-suveniry-s-modrotlacou\/\">Nemzetk\u00f6zi verseny- aj\u00e1nd\u00e9kt\u00e1rgyak tervez\u00e9s\u00e9re<\/a><\/blockquote><iframe sandbox=\"allow-scripts\" security=\"restricted\" src=\"https:\/\/kulturamoldava.sk\/hu\/sutaz-suveniry-s-modrotlacou\/embed\/#?secret=jukkmMGmBs\" width=\"600\" height=\"338\" title=\"&#8220;S\u00fa\u0165a\u017e &#8211; suven\u00edry s modrotla\u010dou&#8221; &#8212; Mestsk\u00e9 kult\u00farne stredisko Moldava nad Bodvou\" data-secret=\"jukkmMGmBs\" frameborder=\"0\" marginwidth=\"0\" marginheight=\"0\" scrolling=\"no\" class=\"wp-embedded-content\"><\/iframe><script type=\"text\/javascript\">\n\/* <![CDATA[ *\/\n\/*! This file is auto-generated *\/\n!function(d,l){\"use strict\";l.querySelector&&d.addEventListener&&\"undefined\"!=typeof URL&&(d.wp=d.wp||{},d.wp.receiveEmbedMessage||(d.wp.receiveEmbedMessage=function(e){var t=e.data;if((t||t.secret||t.message||t.value)&&!\/[^a-zA-Z0-9]\/.test(t.secret)){for(var s,r,n,a=l.querySelectorAll('iframe[data-secret=\"'+t.secret+'\"]'),o=l.querySelectorAll('blockquote[data-secret=\"'+t.secret+'\"]'),c=new RegExp(\"^https?:$\",\"i\"),i=0;i<o.length;i++)o[i].style.display=\"none\";for(i=0;i<a.length;i++)s=a[i],e.source===s.contentWindow&&(s.removeAttribute(\"style\"),\"height\"===t.message?(1e3<(r=parseInt(t.value,10))?r=1e3:~~r<200&&(r=200),s.height=r):\"link\"===t.message&&(r=new URL(s.getAttribute(\"src\")),n=new URL(t.value),c.test(n.protocol))&&n.host===r.host&&l.activeElement===s&&(d.top.location.href=t.value))}},d.addEventListener(\"message\",d.wp.receiveEmbedMessage,!1),l.addEventListener(\"DOMContentLoaded\",function(){for(var e,t,s=l.querySelectorAll(\"iframe.wp-embedded-content\"),r=0;r<s.length;r++)(t=(e=s[r]).getAttribute(\"data-secret\"))||(t=Math.random().toString(36).substring(2,12),e.src+=\"#?secret=\"+t,e.setAttribute(\"data-secret\",t)),e.contentWindow.postMessage({message:\"ready\",secret:t},\"*\")},!1)))}(window,document);\n\/\/# sourceURL=https:\/\/kulturamoldava.sk\/wp-includes\/js\/wp-embed.min.js\n\/* ]]> *\/\n<\/script>","thumbnail_url":"https:\/\/kulturamoldava.sk\/wp-content\/uploads\/2021\/06\/unnamed4-e1622538606359.jpg","thumbnail_width":1787,"thumbnail_height":1041,"description":"Zapojte sa do medzin\u00e1rodnej s\u00fa\u0165a\u017ee n\u00e1vrhov na suven\u00edry v r\u00e1mci projektu Modrotla\u010d &#8211; d\u017e\u00ednsovina monarchie z Programu spolupr\u00e1ce Interreg V-A Slovensk\u00e1 republika &#8211; Ma\u010farsko. Viac info a prihl\u00e1\u0161ka: https:\/\/www.moldava.sk\/&#8230;\/modrotlac-dzinsovina-monarchie\/"}

Szepsi Városi Művelődési Központ

Súťaž - suveníry s modrotlačou - Mestské kultúrne stredisko Moldava nad Bodvou

<blockquote class="wp-embedded-content" data-secret="jukkmMGmBs"><a href="https://kulturamoldava.sk/hu/sutaz-suveniry-s-modrotlacou/">Nemzetközi verseny- ajándéktárgyak tervezésére</a></blockquote><iframe sandbox="allow-scripts" security="restricted" src="https://kulturamoldava.sk/hu/sutaz-suveniry-s-modrotlacou/embed/#?secret=jukkmMGmBs" width="600" height="338" title="&#8220;Súťaž &#8211; suveníry s modrotlačou&#8221; &#8212; Mestské kultúrne stredisko Moldava nad Bodvou" data-secret="jukkmMGmBs" frameborder="0" marginwidth="0" marginheight="0" scrolling="no" class="wp-embedded-content"></iframe><script type="text/javascript">
/* <![CDATA[ */
/*! This file is auto-generated */
!function(d,l){"use strict";l.querySelector&&d.addEventListener&&"undefined"!=typeof URL&&(d.wp=d.wp||{},d.wp.receiveEmbedMessage||(d.wp.receiveEmbedMessage=function(e){var t=e.data;if((t||t.secret||t.message||t.value)&&!/[^a-zA-Z0-9]/.test(t.secret)){for(var s,r,n,a=l.querySelectorAll('iframe[data-secret="'+t.secret+'"]'),o=l.querySelectorAll('blockquote[data-secret="'+t.secret+'"]'),c=new RegExp("^https?:$","i"),i=0;i<o.length;i++)o[i].style.display="none";for(i=0;i<a.length;i++)s=a[i],e.source===s.contentWindow&&(s.removeAttribute("style"),"height"===t.message?(1e3<(r=parseInt(t.value,10))?r=1e3:~~r<200&&(r=200),s.height=r):"link"===t.message&&(r=new URL(s.getAttribute("src")),n=new URL(t.value),c.test(n.protocol))&&n.host===r.host&&l.activeElement===s&&(d.top.location.href=t.value))}},d.addEventListener("message",d.wp.receiveEmbedMessage,!1),l.addEventListener("DOMContentLoaded",function(){for(var e,t,s=l.querySelectorAll("iframe.wp-embedded-content"),r=0;r<s.length;r++)(t=(e=s[r]).getAttribute("data-secret"))||(t=Math.random().toString(36).substring(2,12),e.src+="#?secret="+t,e.setAttribute("data-secret",t)),e.contentWindow.postMessage({message:"ready",secret:t},"*")},!1)))}(window,document);
//# sourceURL=https://kulturamoldava.sk/wp-includes/js/wp-embed.min.js
/* ]]> */
</script>

Zapojte sa do medzinárodnej súťaže návrhov na suveníry v rámci projektu Modrotlač &#8211; džínsovina monarchie z Programu spolupráce Interreg V-A Slovenská republika &#8211; Maďarsko. Viac info a prihláška: https://www.moldava.sk/&#8230;/modrotlac-dzinsovina-monarchie/
