{"version":"1.0","provider_name":"Szepsi V\u00e1rosi M\u0171vel\u0151d\u00e9si K\u00f6zpont","provider_url":"https:\/\/kulturamoldava.sk\/hu\/","author_name":"kulturamoldava","author_url":"https:\/\/kulturamoldava.sk\/hu\/author\/kulturamoldava\/","title":"NE\u017dN\u00c1 REVOL\u00daCIA- V\u00ddSTAVA 18.-19.11.2025 - Mestsk\u00e9 kult\u00farne stredisko Moldava nad Bodvou","type":"rich","width":600,"height":338,"html":"<blockquote class=\"wp-embedded-content\" data-secret=\"VtTpY9cYCh\"><a href=\"https:\/\/kulturamoldava.sk\/hu\/nezna-revolucia-vystava-18-19-11-2025\/\">NE\u017dN\u00c1 REVOL\u00daCIA- V\u00ddSTAVA 18.-19.11.2025<\/a><\/blockquote><iframe sandbox=\"allow-scripts\" security=\"restricted\" src=\"https:\/\/kulturamoldava.sk\/hu\/nezna-revolucia-vystava-18-19-11-2025\/embed\/#?secret=VtTpY9cYCh\" width=\"600\" height=\"338\" title=\"&#8220;NE\u017dN\u00c1 REVOL\u00daCIA- V\u00ddSTAVA 18.-19.11.2025&#8221; &#8212; Mestsk\u00e9 kult\u00farne stredisko Moldava nad Bodvou\" data-secret=\"VtTpY9cYCh\" frameborder=\"0\" marginwidth=\"0\" marginheight=\"0\" scrolling=\"no\" class=\"wp-embedded-content\"><\/iframe><script type=\"text\/javascript\">\n\/* <![CDATA[ *\/\n\/*! This file is auto-generated *\/\n!function(d,l){\"use strict\";l.querySelector&&d.addEventListener&&\"undefined\"!=typeof URL&&(d.wp=d.wp||{},d.wp.receiveEmbedMessage||(d.wp.receiveEmbedMessage=function(e){var t=e.data;if((t||t.secret||t.message||t.value)&&!\/[^a-zA-Z0-9]\/.test(t.secret)){for(var s,r,n,a=l.querySelectorAll('iframe[data-secret=\"'+t.secret+'\"]'),o=l.querySelectorAll('blockquote[data-secret=\"'+t.secret+'\"]'),c=new RegExp(\"^https?:$\",\"i\"),i=0;i<o.length;i++)o[i].style.display=\"none\";for(i=0;i<a.length;i++)s=a[i],e.source===s.contentWindow&&(s.removeAttribute(\"style\"),\"height\"===t.message?(1e3<(r=parseInt(t.value,10))?r=1e3:~~r<200&&(r=200),s.height=r):\"link\"===t.message&&(r=new URL(s.getAttribute(\"src\")),n=new URL(t.value),c.test(n.protocol))&&n.host===r.host&&l.activeElement===s&&(d.top.location.href=t.value))}},d.addEventListener(\"message\",d.wp.receiveEmbedMessage,!1),l.addEventListener(\"DOMContentLoaded\",function(){for(var e,t,s=l.querySelectorAll(\"iframe.wp-embedded-content\"),r=0;r<s.length;r++)(t=(e=s[r]).getAttribute(\"data-secret\"))||(t=Math.random().toString(36).substring(2,12),e.src+=\"#?secret=\"+t,e.setAttribute(\"data-secret\",t)),e.contentWindow.postMessage({message:\"ready\",secret:t},\"*\")},!1)))}(window,document);\n\/\/# sourceURL=https:\/\/kulturamoldava.sk\/wp-includes\/js\/wp-embed.min.js\n\/* ]]> *\/\n<\/script>","thumbnail_url":"https:\/\/kulturamoldava.sk\/wp-content\/uploads\/2026\/01\/IMG_9300-scaled.jpeg","thumbnail_width":2560,"thumbnail_height":1920,"description":"NE\u017dN\u00c1 REVOL\u00daCIA &#8211; Ke\u010f \u013eudia p\u00edsali dejiny v uliciach 17. november 1989V\u00fdstava z pr\u00edle\u017eitosti Ne\u017enej revol\u00facie, Medzin\u00e1rodn\u00e9ho d\u0148a \u0161tudentstva a Boja za slobodu a demokraciu. Ne\u017en\u00e1 revol\u00facia sa za\u010dala v Bratislave u\u017e 16. novembra 1989. Udalosti tej zimy z\u00e1sadne zmenili na\u0161u krajinu, spolo\u010dnos\u0165, ka\u017ed\u00e9ho z n\u00e1s&#8230; P\u00e1d komunistick\u00e9ho totalitn\u00e9ho re\u017eimu n\u00e1m dal slobodu a demokraciu,..."}

Szepsi Városi Művelődési Központ

NEŽNÁ REVOLÚCIA- VÝSTAVA 18.-19.11.2025 - Mestské kultúrne stredisko Moldava nad Bodvou

<blockquote class="wp-embedded-content" data-secret="VtTpY9cYCh"><a href="https://kulturamoldava.sk/hu/nezna-revolucia-vystava-18-19-11-2025/">NEŽNÁ REVOLÚCIA- VÝSTAVA 18.-19.11.2025</a></blockquote><iframe sandbox="allow-scripts" security="restricted" src="https://kulturamoldava.sk/hu/nezna-revolucia-vystava-18-19-11-2025/embed/#?secret=VtTpY9cYCh" width="600" height="338" title="&#8220;NEŽNÁ REVOLÚCIA- VÝSTAVA 18.-19.11.2025&#8221; &#8212; Mestské kultúrne stredisko Moldava nad Bodvou" data-secret="VtTpY9cYCh" frameborder="0" marginwidth="0" marginheight="0" scrolling="no" class="wp-embedded-content"></iframe><script type="text/javascript">
/* <![CDATA[ */
/*! This file is auto-generated */
!function(d,l){"use strict";l.querySelector&&d.addEventListener&&"undefined"!=typeof URL&&(d.wp=d.wp||{},d.wp.receiveEmbedMessage||(d.wp.receiveEmbedMessage=function(e){var t=e.data;if((t||t.secret||t.message||t.value)&&!/[^a-zA-Z0-9]/.test(t.secret)){for(var s,r,n,a=l.querySelectorAll('iframe[data-secret="'+t.secret+'"]'),o=l.querySelectorAll('blockquote[data-secret="'+t.secret+'"]'),c=new RegExp("^https?:$","i"),i=0;i<o.length;i++)o[i].style.display="none";for(i=0;i<a.length;i++)s=a[i],e.source===s.contentWindow&&(s.removeAttribute("style"),"height"===t.message?(1e3<(r=parseInt(t.value,10))?r=1e3:~~r<200&&(r=200),s.height=r):"link"===t.message&&(r=new URL(s.getAttribute("src")),n=new URL(t.value),c.test(n.protocol))&&n.host===r.host&&l.activeElement===s&&(d.top.location.href=t.value))}},d.addEventListener("message",d.wp.receiveEmbedMessage,!1),l.addEventListener("DOMContentLoaded",function(){for(var e,t,s=l.querySelectorAll("iframe.wp-embedded-content"),r=0;r<s.length;r++)(t=(e=s[r]).getAttribute("data-secret"))||(t=Math.random().toString(36).substring(2,12),e.src+="#?secret="+t,e.setAttribute("data-secret",t)),e.contentWindow.postMessage({message:"ready",secret:t},"*")},!1)))}(window,document);
//# sourceURL=https://kulturamoldava.sk/wp-includes/js/wp-embed.min.js
/* ]]> */
</script>

NEŽNÁ REVOLÚCIA &#8211; Keď ľudia písali dejiny v uliciach 17. november 1989Výstava z príležitosti Nežnej revolúcie, Medzinárodného dňa študentstva a Boja za slobodu a demokraciu. Nežná revolúcia sa začala v Bratislave už 16. novembra 1989. Udalosti tej zimy zásadne zmenili našu krajinu, spoločnosť, každého z nás&#8230; Pád komunistického totalitného režimu nám dal slobodu a demokraciu,...
