{"version":"1.0","provider_name":"Szepsi V\u00e1rosi M\u0171vel\u0151d\u00e9si K\u00f6zpont","provider_url":"https:\/\/kulturamoldava.sk\/hu\/","author_name":"kulturamoldava","author_url":"https:\/\/kulturamoldava.sk\/hu\/author\/kulturamoldava\/","title":"VYN\u00c1\u0160ANIE MORENY 19.3.2026 - Mestsk\u00e9 kult\u00farne stredisko Moldava nad Bodvou","type":"rich","width":600,"height":338,"html":"<blockquote class=\"wp-embedded-content\" data-secret=\"QEYbgN41gi\"><a href=\"https:\/\/kulturamoldava.sk\/hu\/etn\/vynasanie-moreny-19-3-2026\/\">VYN\u00c1\u0160ANIE MORENY 19.3.2026<\/a><\/blockquote><iframe sandbox=\"allow-scripts\" security=\"restricted\" src=\"https:\/\/kulturamoldava.sk\/hu\/etn\/vynasanie-moreny-19-3-2026\/embed\/#?secret=QEYbgN41gi\" width=\"600\" height=\"338\" title=\"&#8220;VYN\u00c1\u0160ANIE MORENY 19.3.2026&#8221; &#8212; Mestsk\u00e9 kult\u00farne stredisko Moldava nad Bodvou\" data-secret=\"QEYbgN41gi\" frameborder=\"0\" marginwidth=\"0\" marginheight=\"0\" scrolling=\"no\" class=\"wp-embedded-content\"><\/iframe><script type=\"text\/javascript\">\n\/* <![CDATA[ *\/\n\/*! This file is auto-generated *\/\n!function(d,l){\"use strict\";l.querySelector&&d.addEventListener&&\"undefined\"!=typeof URL&&(d.wp=d.wp||{},d.wp.receiveEmbedMessage||(d.wp.receiveEmbedMessage=function(e){var t=e.data;if((t||t.secret||t.message||t.value)&&!\/[^a-zA-Z0-9]\/.test(t.secret)){for(var s,r,n,a=l.querySelectorAll('iframe[data-secret=\"'+t.secret+'\"]'),o=l.querySelectorAll('blockquote[data-secret=\"'+t.secret+'\"]'),c=new RegExp(\"^https?:$\",\"i\"),i=0;i<o.length;i++)o[i].style.display=\"none\";for(i=0;i<a.length;i++)s=a[i],e.source===s.contentWindow&&(s.removeAttribute(\"style\"),\"height\"===t.message?(1e3<(r=parseInt(t.value,10))?r=1e3:~~r<200&&(r=200),s.height=r):\"link\"===t.message&&(r=new URL(s.getAttribute(\"src\")),n=new URL(t.value),c.test(n.protocol))&&n.host===r.host&&l.activeElement===s&&(d.top.location.href=t.value))}},d.addEventListener(\"message\",d.wp.receiveEmbedMessage,!1),l.addEventListener(\"DOMContentLoaded\",function(){for(var e,t,s=l.querySelectorAll(\"iframe.wp-embedded-content\"),r=0;r<s.length;r++)(t=(e=s[r]).getAttribute(\"data-secret\"))||(t=Math.random().toString(36).substring(2,12),e.src+=\"#?secret=\"+t,e.setAttribute(\"data-secret\",t)),e.contentWindow.postMessage({message:\"ready\",secret:t},\"*\")},!1)))}(window,document);\n\/\/# sourceURL=https:\/\/kulturamoldava.sk\/wp-includes\/js\/wp-embed.min.js\n\/* ]]> *\/\n<\/script>","thumbnail_url":"https:\/\/kulturamoldava.sk\/wp-content\/uploads\/2026\/03\/morena-SK.png","thumbnail_width":1024,"thumbnail_height":1024,"description":"Srde\u010dne V\u00e1s poz\u00fdvame na tradi\u010dn\u00e9 Vyn\u00e1\u0161anie Moreny\u00a0 Pr\u00ed\u010fte spolu s nami priv\u00edta\u0165 jar a symbolicky sa rozl\u00fa\u010di\u0165 so zimou pri kr\u00e1snej \u013eudovej trad\u00edcii, ktor\u00e1 sa v na\u0161om meste ka\u017edoro\u010dne sp\u00e1ja so stretnut\u00edm \u013eud\u00ed, dobrou n\u00e1ladou a pripomienkou na\u0161ich zvykov. 19. marec 2026o 10:30 hod.na n\u00e1mest\u00ed pri Penzi\u00f3ne Bodva v Moldave nad Bodvou Podujatie pripravuj\u00fa Mestsk\u00e9..."}

Szepsi Városi Művelődési Központ

VYNÁŠANIE MORENY 19.3.2026 - Mestské kultúrne stredisko Moldava nad Bodvou

<blockquote class="wp-embedded-content" data-secret="QEYbgN41gi"><a href="https://kulturamoldava.sk/hu/etn/vynasanie-moreny-19-3-2026/">VYNÁŠANIE MORENY 19.3.2026</a></blockquote><iframe sandbox="allow-scripts" security="restricted" src="https://kulturamoldava.sk/hu/etn/vynasanie-moreny-19-3-2026/embed/#?secret=QEYbgN41gi" width="600" height="338" title="&#8220;VYNÁŠANIE MORENY 19.3.2026&#8221; &#8212; Mestské kultúrne stredisko Moldava nad Bodvou" data-secret="QEYbgN41gi" frameborder="0" marginwidth="0" marginheight="0" scrolling="no" class="wp-embedded-content"></iframe><script type="text/javascript">
/* <![CDATA[ */
/*! This file is auto-generated */
!function(d,l){"use strict";l.querySelector&&d.addEventListener&&"undefined"!=typeof URL&&(d.wp=d.wp||{},d.wp.receiveEmbedMessage||(d.wp.receiveEmbedMessage=function(e){var t=e.data;if((t||t.secret||t.message||t.value)&&!/[^a-zA-Z0-9]/.test(t.secret)){for(var s,r,n,a=l.querySelectorAll('iframe[data-secret="'+t.secret+'"]'),o=l.querySelectorAll('blockquote[data-secret="'+t.secret+'"]'),c=new RegExp("^https?:$","i"),i=0;i<o.length;i++)o[i].style.display="none";for(i=0;i<a.length;i++)s=a[i],e.source===s.contentWindow&&(s.removeAttribute("style"),"height"===t.message?(1e3<(r=parseInt(t.value,10))?r=1e3:~~r<200&&(r=200),s.height=r):"link"===t.message&&(r=new URL(s.getAttribute("src")),n=new URL(t.value),c.test(n.protocol))&&n.host===r.host&&l.activeElement===s&&(d.top.location.href=t.value))}},d.addEventListener("message",d.wp.receiveEmbedMessage,!1),l.addEventListener("DOMContentLoaded",function(){for(var e,t,s=l.querySelectorAll("iframe.wp-embedded-content"),r=0;r<s.length;r++)(t=(e=s[r]).getAttribute("data-secret"))||(t=Math.random().toString(36).substring(2,12),e.src+="#?secret="+t,e.setAttribute("data-secret",t)),e.contentWindow.postMessage({message:"ready",secret:t},"*")},!1)))}(window,document);
//# sourceURL=https://kulturamoldava.sk/wp-includes/js/wp-embed.min.js
/* ]]> */
</script>

Srdečne Vás pozývame na tradičné Vynášanie Moreny  Príďte spolu s nami privítať jar a symbolicky sa rozlúčiť so zimou pri krásnej ľudovej tradícii, ktorá sa v našom meste každoročne spája so stretnutím ľudí, dobrou náladou a pripomienkou našich zvykov. 19. marec 2026o 10:30 hod.na námestí pri Penzióne Bodva v Moldave nad Bodvou Podujatie pripravujú Mestské...
